{"version":"1.0","provider_name":"Novia Salcedo Awards","provider_url":"https:\/\/premio.noviasalcedo.es\/en","author_name":"NoviaSalcedo","author_url":"https:\/\/premio.noviasalcedo.es\/en\/author\/matiaselhumilde\/","title":"Abierta la convocatoria de los Premios Novia Salcedo","type":"rich","width":600,"height":338,"html":"<blockquote class=\"wp-embedded-content\" data-secret=\"hs79SlwO0q\"><a href=\"https:\/\/premio.noviasalcedo.es\/en\/abierta-la-convocatoria-de-los-premios-novia-salcedo\/\">(Castellano) Abierta la convocatoria de los Premios Novia Salcedo<\/a><\/blockquote><iframe sandbox=\"allow-scripts\" security=\"restricted\" src=\"https:\/\/premio.noviasalcedo.es\/en\/abierta-la-convocatoria-de-los-premios-novia-salcedo\/embed\/#?secret=hs79SlwO0q\" width=\"600\" height=\"338\" title=\"&#8220;(Castellano) Abierta la convocatoria de los Premios Novia Salcedo&#8221; &#8212; Novia Salcedo Awards\" data-secret=\"hs79SlwO0q\" frameborder=\"0\" marginwidth=\"0\" marginheight=\"0\" scrolling=\"no\" class=\"wp-embedded-content\"><\/iframe><script type=\"text\/javascript\">\n\/* <![CDATA[ *\/\n\/*! This file is auto-generated *\/\n!function(d,l){\"use strict\";l.querySelector&&d.addEventListener&&\"undefined\"!=typeof URL&&(d.wp=d.wp||{},d.wp.receiveEmbedMessage||(d.wp.receiveEmbedMessage=function(e){var t=e.data;if((t||t.secret||t.message||t.value)&&!\/[^a-zA-Z0-9]\/.test(t.secret)){for(var s,r,n,a=l.querySelectorAll('iframe[data-secret=\"'+t.secret+'\"]'),o=l.querySelectorAll('blockquote[data-secret=\"'+t.secret+'\"]'),c=new RegExp(\"^https?:$\",\"i\"),i=0;i<o.length;i++)o[i].style.display=\"none\";for(i=0;i<a.length;i++)s=a[i],e.source===s.contentWindow&&(s.removeAttribute(\"style\"),\"height\"===t.message?(1e3<(r=parseInt(t.value,10))?r=1e3:~~r<200&&(r=200),s.height=r):\"link\"===t.message&&(r=new URL(s.getAttribute(\"src\")),n=new URL(t.value),c.test(n.protocol))&&n.host===r.host&&l.activeElement===s&&(d.top.location.href=t.value))}},d.addEventListener(\"message\",d.wp.receiveEmbedMessage,!1),l.addEventListener(\"DOMContentLoaded\",function(){for(var e,t,s=l.querySelectorAll(\"iframe.wp-embedded-content\"),r=0;r<s.length;r++)(t=(e=s[r]).getAttribute(\"data-secret\"))||(t=Math.random().toString(36).substring(2,12),e.src+=\"#?secret=\"+t,e.setAttribute(\"data-secret\",t)),e.contentWindow.postMessage({message:\"ready\",secret:t},\"*\")},!1)))}(window,document);\n\/\/# sourceURL=https:\/\/premio.noviasalcedo.es\/wp-includes\/js\/wp-embed.min.js\n\/* ]]> *\/\n<\/script>\n","thumbnail_url":"https:\/\/i0.wp.com\/premio.noviasalcedo.es\/wp-content\/uploads\/2016\/06\/DOM4261.jpg?fit=1407%2C935&ssl=1","thumbnail_width":1407,"thumbnail_height":935,"description":"Novia Salcedo Fundaci\u00f3n pone en marcha la octava edici\u00f3n de los prestigiosos premios que entregan en un acto oficial el pr\u00f3ximo mes de octubre en Bilbao el Lehendakari y el Rey."}

Novia Salcedo Fundación pone en marcha la octava edición de los prestigiosos premios que entregan en un acto oficial el próximo mes de octubre en Bilbao el Lehendakari y el Rey.
